p = -40*p - 3*p + 52076. Calculate the greatest common divisor of p and 2.
2
Let v(u) = u**3 - 13*u**2 + 194*u + 6. Let w be v(17). Calculate the greatest common factor of w and 20.
20
Let b be 65/3 + (-1)/(-3). Let l be (0/(-4))/1 + -2 + 22. Suppose -u + 4*u = -4*k + 22, -l = -5*k. Calculate the highest common divisor of u and b.
2
Let k(z) be the third derivative of -z**6/120 + 13*z**5/60 - 19*z**4/24 + z**3/3 + 44*z**2. Let y be k(10). Calculate the highest common factor of 16 and y.
16
Let t be 2/5 + (-926)/(-10). Suppose 0 = 1541*q + 13397 - 16577 - 44591. Calculate the highest common factor of q and t.
31
Let q be (5 - 1196/(-4)) + 4. Let j be 9184/q - (-6)/33. Calculate the highest common factor of 70 and j.
10
Let v = -473 - -494. Suppose -5*w + 28 = 2*g - 0*g, -3*w - v = -3*g. Calculate the highest common factor of g and 48.
3
Let v(c) = 79*c**2 - 14*c + 21. Let x be v(3). Suppose 6*g + 78 = x. What is the highest common factor of 24 and g?
6
Suppose 5*q + 3*r = 804, 783 = 3*q + 2*q - 4*r. Suppose 163*z - 368 = q*z. Calculate the greatest common divisor of 138 and z.
46
Suppose 5*x = -0*h - 3*h + 292, -468 = -5*h + x. Suppose 8*u - 946 = h. What is the highest common factor of 20 and u?
10
Let m = 40684 - 19903. What is the highest common factor of 9 and m?
9
Let w = 4 - -17. Let t be (-8 - -39) + 6 + -7. Suppose t*m - 909 = -69. Calculate the highest common divisor of w and m.
7
Let n = -27028 + 29528. What is the highest common divisor of 1100 and n?
100
Suppose -3*o = -2*a - 17, -2*o - 2 = a + a. Let d be (-2)/((-12)/(-21))*-2. Let l be (-2)/12 - d/(-6). Calculate the highest common factor of l and o.
1
Let m = 49 - 45. Suppose m*a - 348 + 68 = 0. Calculate the greatest common factor of 14 and a.
14
Let z be (-1 - -276)*(-8 + (-204)/(-30)). Let l be (-1 - (-42)/30)*z. Let f = 140 + l. What is the highest common factor of 20 and f?
4
Let o(w) be the third derivative of -w**4/3 + 13*w**3/2 + 10*w**2. Let d be o(-13). What is the highest common factor of 13 and d?
13
Let f be (17040/240)/(((-2)/106)/(-1)). Calculate the greatest common factor of 159 and f.
53
Let u(t) = 749*t**2 - 5*t - 4. Let j be u(-1). What is the highest common factor of j and 1800?
150
Suppose 5*c - 5*g = -0*c + 140, -4*c - 3*g + 63 = 0. What is the highest common divisor of 742 and c?
7
Let g = 33172 + -29532. What is the highest common divisor of 78 and g?
26
Suppose 0 = -329*g + 3786 + 1478. Suppose 4*u - 204 - 244 = 0. What is the greatest common factor of g and u?
16
Let h = -27 - -33. Suppose h*r + 285 = 5*q + 2*r, 0 = -3*q - 4*r + 139. Let a = 51 + q. Calculate the greatest common factor of a and 26.
26
Let k(m) = m**2 - 12*m + 13. Let j be k(12). Let b = j + 14. Let o = -39 - -66. What is the greatest common divisor of o and b?
27
Let n = -3518 + 3528. What is the greatest common divisor of 650 and n?
10
Let p(j) = 34*j + 200. Let o be p(-3). What is the greatest common factor of 637 and o?
49
Let u = 959 + -855. Calculate the highest common factor of u and 1261.
13
Suppose a - 19 = -3*i + 6, i - 5*a = 35. Let g be i/(-4)*(-28)/(-35) + 8. Suppose -g*c = 3*c - 225. Calculate the highest common factor of 50 and c.
25
Let p(d) = d**2 + 29*d + 151. Let a be p(-23). Let z = 26 - a. What is the greatest common divisor of 117 and z?
13
Let l = 9842 + -7834. What is the highest common divisor of l and 2?
2
Let z(j) = j**3 + 4*j + 7. Let x be z(4). Suppose 5*h - 84 = h - 4*t, 3*h - 5*t = x. Calculate the greatest common factor of 27 and h.
3
Suppose -5*n - 580 = 185. Suppose -3*r - 289 = 2*j - 75, -5*j = 4*r + 283. Let p = r - n. What is the highest common factor of 9 and p?
9
Let q = -63 - -74. Suppose q*j + 18 = 13*j. Calculate the highest common divisor of j and 12.
3
Suppose -y + 308 + 221 = 0. Let p = y + -526. Suppose 0 = 3*x - 45 - 27. Calculate the greatest common divisor of p and x.
3
Let f be -11*3/6*-2. Let h(q) = 231*q**3 + 8*q**2 - 19*q + 11. Let r be h(1). What is the greatest common divisor of f and r?
11
Let c = 55 - 53. Suppose 0 = y - c*f - 6, 5*f - 85 = -5*y + 4*f. Suppose 0 = -10*j + 9*j + y. What is the greatest common factor of 16 and j?
16
Let f = -77 + 26. Let v = f + 60. Let s = 4 - 1. What is the highest common factor of s and v?
3
Let y(c) = 16*c - 96. Let x be y(6). Suppose i + x*i = 3*p - 16, 1 = -2*p + 3*i. Calculate the highest common divisor of 77 and p.
7
Suppose -17*b + 10*b + 420 = 0. Let g be (44/(-7) + 2)/((-123)/2870). Calculate the highest common divisor of g and b.
20
Let w(j) be the second derivative of j**4/12 - 3*j**3/2 + 7*j**2 + 46*j. Let p be w(10). Calculate the greatest common divisor of p and 60.
12
Let z(r) = -4*r**2 + 5*r + 105. Let l(i) = -2*i**2 + 3*i + 53. Let t(j) = 11*l(j) - 6*z(j). Let g be t(8). Calculate the greatest common factor of g and 30.
15
Let d be 30*(-10 - 546/(-9)). Calculate the highest common factor of 240 and d.
80
Let z(p) = -311*p + 8340. Let f be z(17). Calculate the greatest common divisor of f and 86.
43
Let p be ((-60)/27)/(-9 - 1340/(-150))*6. Calculate the highest common factor of p and 16200.
200
Let h be (-1 + 13/5)*10. Suppose -7*t + h = -3*t, 2*p + 5*t - 84 = 0. Suppose 0*q = -2*q + p. Calculate the highest common factor of q and 2.
2
Suppose -30*j = -25*j + 40. Let n be (j - -5) + 6 + 6. Calculate the greatest common factor of 9 and n.
9
Let i be (-19404)/(-27) - 16/(-12). Suppose -3*h + i = 13*h. Let o(g) = g**2 + 2*g - 6. Let c be o(-6). Calculate the greatest common divisor of h and c.
9
Let u(i) = 27*i**2 - 342*i + 240. Let d be u(14). Calculate the highest common divisor of 384 and d.
24
Let a be (-1)/(((-6)/4)/((-6)/(-2))). Suppose -a*b = 241 - 273. What is the highest common factor of 1 and b?
1
Let p(d) = 57*d**3 + d**2 + 2*d - 2. Let j be p(1). Suppose 70 - j = 4*w. Calculate the highest common divisor of w and 1.
1
Suppose 6*d - 10*d + y = -44, 0 = -4*d - 5*y - 4. Calculate the greatest common divisor of d and 18801.
9
Let o = -221 + 421. Suppose 127 = 45*w - 433 - 565. What is the highest common divisor of o and w?
25
Let t(x) = -67*x - 254. Let a be t(-5). Calculate the highest common factor of a and 48.
3
Suppose 0 = 3*h + v - 181, 4*h - 53 = 2*v + 185. Let o be 10*(-32)/h*-3 - -4. What is the highest common divisor of o and 10?
10
Suppose -383 = 5*s - 13. Let y = s - -234. Suppose -217*p = -24*p - 12*p - 3620. Calculate the greatest common divisor of y and p.
20
Let c be (330/(-70) - -4)/(3/(-21)). Calculate the greatest common divisor of 2845 and c.
5
Suppose 1 = -r + 5, 5*s - 386 = -4*r. Suppose -3*a - 100 = -5*i + 30, a + s = 3*i. Let b be (8 - (-8)/(-2)) + i. What is the greatest common divisor of 9 and b?
9
Let k(h) = h**2 + h - 7. Let p be k(-3). Let d = 6 - p. Let b(y) = -y**3 + 7*y**2 + 8*y + 12. Let u be b(d). Calculate the highest common divisor of u and 17.
17
Let d(a) = 48*a**2 - 3*a - 1. Let j be d(-2). Suppose 149 = m + j. Let v = m + 53. What is the greatest common divisor of 15 and v?
5
Suppose 47*z + 10*z = 397413 + 308361. What is the greatest common divisor of 123 and z?
41
Let i = 22 - 12. Let a(j) = -3*j**2 + 44*j - 20. Let s be a(12). Let p = 146 - s. What is the highest common factor of p and i?
10
Let d(q) = 2*q**3 + 25*q**2 - 54*q - 756. Let f be d(-12). Suppose 4*g - 3*k - 13 = -0*g, 4*g - k = 15. What is the highest common divisor of f and g?
4
Let b = 33 - 49. Let w be (b - -26)/(2*(-2)/(-10)). Let u be -15*(6/(-9))/2. What is the highest common divisor of u and w?
5
Let f be -24*3128/(-153) + 2/3*-1. What is the highest common divisor of f and 40?
10
Suppose 3265 = 4*o + 2465. Calculate the highest common divisor of o and 920.
40
Let h be (-60)/(-27) + 2/(-9). Let r(t) = -4*t + 23*t**h - 26*t**2 - t - t**3 + t. Let z be r(-3). Calculate the greatest common factor of z and 84.
12
Suppose -86*g + 89*g - 3555 = 0. Let q = -518 + g. What is the greatest common divisor of 29 and q?
29
Suppose 91*r - 4183 = 6646. Let j be 1/(2/20*2). Suppose -j*f + 4*f + 17 = 0. What is the highest common divisor of f and r?
17
Suppose w - 3*y + 11 = 0, -2*y - 15 = 4*w - 55. Calculate the greatest common factor of 28 and w.
7
Suppose 163*s + 20 = 165*s - 32. What is the highest common divisor of s and 3562?
26
Suppose -33 = -7*m + 6*m - 5*w, -44 = -4*m + 2